{"id":33,"date":"2021-04-14T16:53:18","date_gmt":"2021-04-14T14:53:18","guid":{"rendered":"https:\/\/maskenbarone.de\/shop\/startseite\/"},"modified":"2022-04-04T17:42:44","modified_gmt":"2022-04-04T15:42:44","slug":"startseite","status":"publish","type":"page","link":"https:\/\/maskenbarone.de\/shop\/","title":{"rendered":"Startseite"},"content":{"rendered":"\n    \n    <section id=\"carousel_61ca\" class=\"u-carousel u-slide u-block-5f61-1\" data-u-ride=\"carousel\" data-interval=\"5000\">\n      <ol class=\"u-absolute-hcenter u-carousel-indicators u-block-5f61-2\">\n        <li data-u-target=\"#carousel_61ca\" data-u-slide-to=\"0\" class=\"u-active u-grey-30\"><\/li>\n      <\/ol>\n      <div class=\"u-carousel-inner\" role=\"listbox\">\n        <div class=\"u-active u-align-center u-carousel-item u-clearfix u-image u-shading lazyload u-section-2-1\" src=\"\" data-image-width=\"150\" data-image-height=\"104\" data-bg=\"url(&quot;https:\/\/maskenbarone.de\/shop\/wp-content\/uploads\/2021\/04\/291103777-0.jpeg&quot;)\">\n          <div class=\"u-clearfix u-sheet u-sheet-1\">\n            <h1 class=\"u-align-center-xs u-align-left-lg u-align-left-md u-align-left-sm u-align-left-xl u-text u-text-body-color u-title u-text-1\">Maskenbarone: Die unschlagbare&nbsp;<br>Umschlagb\u00f6rse f\u00fcr&nbsp;hochwertige zertifizierte Masken&nbsp; \n            <\/h1>\n            <img class=\"u-image u-image-default lazyload u-image-1\" alt=\"\" data-image-width=\"800\" data-image-height=\"264\" data-src=\"https:\/\/maskenbarone.de\/shop\/wp-content\/uploads\/2021\/12\/maskenverband-deutschland_mitgliedslabel-1.png\">\n            <h5 class=\"u-align-center-xs u-align-left-lg u-align-left-md u-align-left-sm u-align-left-xl u-text u-text-body-color u-text-2\">sowie medizinische Hygiene Einmal-Artikel<\/h5>\n            <a href=\"https:\/\/portal.maskenbarone.de\/\" class=\"u-btn u-button-style u-hidden-sm u-hidden-xs u-hover-palette-1-dark-1 u-palette-1-base u-btn-1\">ZUGANG PORTAL<\/a>\n          <\/div>\n        <\/div>\n      <\/div>\n      <a class=\"u-absolute-vcenter u-carousel-control u-carousel-control-prev u-hidden u-text-grey-30 u-block-5f61-3\" href=\"#carousel_61ca\" role=\"button\" data-u-slide=\"prev\">\n        <span aria-hidden=\"true\">\n          <svg viewBox=\"0 0 477.175 477.175\"><path d=\"M145.188,238.575l215.5-215.5c5.3-5.3,5.3-13.8,0-19.1s-13.8-5.3-19.1,0l-225.1,225.1c-5.3,5.3-5.3,13.8,0,19.1l225.1,225\n                    c2.6,2.6,6.1,4,9.5,4s6.9-1.3,9.5-4c5.3-5.3,5.3-13.8,0-19.1L145.188,238.575z\"><\/path><\/svg>\n        <\/span>\n        <span class=\"sr-only\">Previous<\/span>\n      <\/a>\n      <a class=\"u-absolute-vcenter u-carousel-control u-carousel-control-next u-hidden u-text-grey-30 u-block-5f61-4\" href=\"#carousel_61ca\" role=\"button\" data-u-slide=\"next\">\n        <span aria-hidden=\"true\">\n          <svg viewBox=\"0 0 477.175 477.175\"><path d=\"M360.731,229.075l-225.1-225.1c-5.3-5.3-13.8-5.3-19.1,0s-5.3,13.8,0,19.1l215.5,215.5l-215.5,215.5\n                    c-5.3,5.3-5.3,13.8,0,19.1c2.6,2.6,6.1,4,9.5,4c3.4,0,6.9-1.3,9.5-4l225.1-225.1C365.931,242.875,365.931,234.275,360.731,229.075z\"><\/path><\/svg>\n        <\/span>\n        <span class=\"sr-only\">Next<\/span>\n      <\/a>\n    <\/section>\n    <section class=\"u-align-center u-clearfix u-hidden-md u-hidden-sm u-hidden-xs u-section-3\" id=\"sec-d0af\">\n      <div class=\"u-clearfix u-sheet u-valign-middle u-sheet-1\">\n        <div class=\"u-expanded-width u-list u-list-1\">\n          <div class=\"u-repeater u-repeater-1\">\n            <div class=\"u-container-style u-list-item u-repeater-item u-list-item-1\">\n              <div class=\"u-container-layout u-similar-container u-container-layout-1\"><span class=\"u-icon u-icon-circle u-text-palette-1-base u-icon-1\"><svg class=\"u-svg-link\" preserveAspectRatio=\"xMidYMin slice\" viewBox=\"0 0 512 512\" style=\"\"><use xmlns:xlink=\"http:\/\/www.w3.org\/1999\/xlink\" xlink:href=\"#svg-b243\"><\/use><\/svg><svg class=\"u-svg-content\" viewBox=\"0 0 512 512\" x=\"0px\" y=\"0px\" id=\"svg-b243\" style=\"enable-background:new 0 0 512 512;\"><g><g><path d=\"M386.689,304.403c-35.587,0-64.538,28.951-64.538,64.538s28.951,64.538,64.538,64.538    c35.593,0,64.538-28.951,64.538-64.538S422.276,304.403,386.689,304.403z M386.689,401.21c-17.796,0-32.269-14.473-32.269-32.269    c0-17.796,14.473-32.269,32.269-32.269c17.796,0,32.269,14.473,32.269,32.269C418.958,386.738,404.485,401.21,386.689,401.21z\"><\/path>\n<\/g>\n<\/g><g><g><path d=\"M166.185,304.403c-35.587,0-64.538,28.951-64.538,64.538s28.951,64.538,64.538,64.538s64.538-28.951,64.538-64.538    S201.772,304.403,166.185,304.403z M166.185,401.21c-17.796,0-32.269-14.473-32.269-32.269c0-17.796,14.473-32.269,32.269-32.269    c17.791,0,32.269,14.473,32.269,32.269C198.454,386.738,183.981,401.21,166.185,401.21z\"><\/path>\n<\/g>\n<\/g><g><g><path d=\"M430.15,119.675c-2.743-5.448-8.32-8.885-14.419-8.885h-84.975v32.269h75.025l43.934,87.384l28.838-14.5L430.15,119.675z\"><\/path>\n<\/g>\n<\/g><g><g><rect x=\"216.202\" y=\"353.345\" width=\"122.084\" height=\"32.269\"><\/rect>\n<\/g>\n<\/g><g><g><path d=\"M117.781,353.345H61.849c-8.912,0-16.134,7.223-16.134,16.134c0,8.912,7.223,16.134,16.134,16.134h55.933    c8.912,0,16.134-7.223,16.134-16.134C133.916,360.567,126.693,353.345,117.781,353.345z\"><\/path>\n<\/g>\n<\/g><g><g><path d=\"M508.612,254.709l-31.736-40.874c-3.049-3.937-7.755-6.239-12.741-6.239H346.891V94.655    c0-8.912-7.223-16.134-16.134-16.134H61.849c-8.912,0-16.134,7.223-16.134,16.134s7.223,16.134,16.134,16.134h252.773v112.941    c0,8.912,7.223,16.134,16.134,16.134h125.478l23.497,30.268v83.211h-44.639c-8.912,0-16.134,7.223-16.134,16.134    c0,8.912,7.223,16.134,16.134,16.134h60.773c8.912,0,16.134-7.223,16.135-16.134V264.605    C512,261.023,510.806,257.538,508.612,254.709z\"><\/path>\n<\/g>\n<\/g><g><g><path d=\"M116.706,271.597H42.487c-8.912,0-16.134,7.223-16.134,16.134c0,8.912,7.223,16.134,16.134,16.134h74.218    c8.912,0,16.134-7.223,16.134-16.134C132.84,278.82,125.617,271.597,116.706,271.597z\"><\/path>\n<\/g>\n<\/g><g><g><path d=\"M153.815,208.134H16.134C7.223,208.134,0,215.357,0,224.269s7.223,16.134,16.134,16.134h137.681    c8.912,0,16.134-7.223,16.134-16.134S162.727,208.134,153.815,208.134z\"><\/path>\n<\/g>\n<\/g><g><g><path d=\"M180.168,144.672H42.487c-8.912,0-16.134,7.223-16.134,16.134c0,8.912,7.223,16.134,16.134,16.134h137.681    c8.912,0,16.134-7.223,16.134-16.134C196.303,151.895,189.08,144.672,180.168,144.672z\"><\/path>\n<\/g>\n<\/g><\/svg>\n            \n            \n          <\/span>\n                <div class=\"u-container-style u-group u-group-1\">\n                  <div class=\"u-container-layout u-container-layout-2\">\n                    <h5 class=\"u-text u-text-1\">LIEFER-UND VERSANDKOSTEN<\/h5>\n                    <p class=\"u-text u-text-2\">Kostenloser Versand f\u00fcr alle Bestellungen \u00fcber \u20ac 99,00<\/p>\n                  <\/div>\n                <\/div>\n              <\/div>\n            <\/div>\n            <div class=\"u-container-style u-list-item u-repeater-item u-list-item-2\">\n              <div class=\"u-container-layout u-similar-container u-container-layout-3\"><span class=\"u-icon u-icon-circle u-text-palette-1-base u-icon-2\"><svg class=\"u-svg-link\" preserveAspectRatio=\"xMidYMin slice\" viewBox=\"0 0 432.763 432.762\" style=\"\"><use xmlns:xlink=\"http:\/\/www.w3.org\/1999\/xlink\" xlink:href=\"#svg-5105\"><\/use><\/svg><svg class=\"u-svg-content\" viewBox=\"0 0 432.763 432.762\" x=\"0px\" y=\"0px\" id=\"svg-5105\" style=\"enable-background:new 0 0 432.763 432.762;\"><g><path d=\"M374.363,342.635c-25.563,26.889-58.292,41.7-92.16,41.7c-55.509,0-103.572-38.981-126.192-95.329h154.186   c13.37,0,24.21-10.84,24.21-24.21s-10.84-24.21-24.21-24.21H143.708c-0.952-7.915-1.472-15.989-1.472-24.211   c0-9.274,0.653-18.365,1.871-27.237h166.09c13.37,0,24.21-10.84,24.21-24.21s-10.84-24.211-24.21-24.211H157.299   c23.105-54.698,70.4-92.302,124.904-92.302c33.868,0,66.597,14.812,92.16,41.698c9.203,9.685,24.518,10.083,34.224,0.872   c9.693-9.215,10.077-24.539,0.875-34.229C374.671,20.156,329.478,0,282.209,0c-80.712,0-149.705,58.62-176.478,140.724H40.854   c-13.37,0-24.21,10.84-24.21,24.21s10.84,24.21,24.21,24.21h54.503c-0.981,8.934-1.542,18.007-1.542,27.237   c0,8.192,0.428,16.255,1.211,24.211H40.854c-13.37,0-24.21,10.84-24.21,24.21s10.84,24.21,24.21,24.21h63.916   c26.043,83.691,95.733,143.75,177.433,143.75c47.274,0,92.456-20.161,127.247-56.755c9.208-9.693,8.83-25.015-0.869-34.229   C398.894,332.563,383.566,332.948,374.363,342.635z\"><\/path>\n<\/g><\/svg>\n            \n            \n          <\/span>\n                <div class=\"u-container-style u-group u-video-cover u-group-2\">\n                  <div class=\"u-container-layout u-container-layout-4\">\n                    <h5 class=\"u-text u-text-3\">SICHERES EINKAUFEN<\/h5>\n                    <p class=\"u-text u-text-4\">100% Geld-zur\u00fcck-Garantie.<\/p>\n                  <\/div>\n                <\/div>\n              <\/div>\n            <\/div>\n            <div class=\"u-container-style u-list-item u-repeater-item u-list-item-3\">\n              <div class=\"u-container-layout u-similar-container u-container-layout-5\"><span class=\"u-icon u-icon-circle u-text-palette-1-base u-icon-3\"><svg class=\"u-svg-link\" preserveAspectRatio=\"xMidYMin slice\" viewBox=\"0 0 509.918 509.918\" style=\"\"><use xmlns:xlink=\"http:\/\/www.w3.org\/1999\/xlink\" xlink:href=\"#svg-bcda\"><\/use><\/svg><svg class=\"u-svg-content\" viewBox=\"0 0 509.918 509.918\" id=\"svg-bcda\"><path d=\"m470.381 264.324v-232.202c0-8.284-6.716-15-15-15h-401.882c-8.284 0-15 6.716-15 15v250.713c-7.236 1.054-14.31 3.863-20.568 8.509-19.728 13.989-24.394 45.295-7.869 64.602l67.563 81.907c41.822 48.947 86.249 54.944 152.295 54.944 56.677 0 82.016.25 131.411-11.005l48.098-11.504c7.799 10.891 20.18 17.946 34.099 17.946h23.694c23.542 0 42.695-20.177 42.695-44.978v-134.089c.001-23.681-17.465-43.133-39.536-44.843zm-67.422 30.856-19.986-10.151c-32.861-16.587-70.854-17.201-104.234-1.682-9.107 3.582-28.97 15.6-39.273 15.198h-69.352c-23.004 0-41.72 18.715-41.72 41.72v10.939c-.129-.136-.264-.265-.391-.403l-49.525-53.757c-2.997-3.253-6.364-5.975-9.978-8.159v-148.819h122.753v54.986c0 8.284 6.716 15 15 15h94.651c8.284 0 15-6.716 15-15v-54.986h124.478v124.257c-17.526 1.354-32.14 13.892-37.423 30.857zm-181.707-155.114h64.651v39.986h-64.651zm219.129-30h-124.477v-62.944h124.478v62.944zm-154.477-62.944v62.945h-64.651v-62.945zm-94.652 0v62.945h-122.753v-62.945zm163.117 405.488c-45.63 10.451-73.111 10.028-123.911 10.028-62 0-91.957-1.002-129.689-43.876l-67.563-81.907c-11.752-15.303 9.534-33.368 23.208-19.486l49.525 53.758c13.089 13.811 29.56 21.412 49.861 21.859h137.308c8.284 0 15-6.716 15-15s-6.716-15-15-15h-134.715v-22.723c0-6.462 5.257-11.72 11.72-11.72h69.352c15.624 1.119 38.175-11.927 51.921-17.994 25-11.624 53.456-11.164 78.035 1.242l31.414 15.956v113.748zm125.549-9.355c0 8.259-5.695 14.978-12.695 14.978h-23.694c-7 0-12.694-6.719-12.694-14.978v-134.088c0-8.259 5.695-14.979 12.694-14.979h23.694c7 0 12.695 6.719 12.695 14.979z\"><\/path><\/svg>\n            \n            \n          <\/span>\n                <div class=\"u-container-style u-group u-video-cover u-group-3\">\n                  <div class=\"u-container-layout u-container-layout-6\">\n                    <h5 class=\"u-text u-text-5\">INTERNATIONALER VERSAND<\/h5>\n                    <p class=\"u-text u-text-6\">Wir bieten weltweiten Versand f\u00fcr Sie an.<\/p>\n                  <\/div>\n                <\/div>\n              <\/div>\n            <\/div>\n          <\/div>\n        <\/div>\n      <\/div>\n    <\/section>\n    <section class=\"u-align-center u-clearfix u-height-50vw-sm u-hidden-md u-hidden-sm u-hidden-xs u-section-4\" id=\"carousel_1f7d\">\n      <div class=\"u-clearfix u-sheet u-sheet-1\">\n        <div class=\"u-clearfix u-expanded-width u-gutter-30 u-layout-wrap u-layout-wrap-1\">\n          <div class=\"u-gutter-0 u-layout\">\n            <div class=\"u-layout-row\">\n              <div class=\"u-align-left u-container-style u-layout-cell u-left-cell u-size-20 u-layout-cell-1\">\n                <div class=\"u-container-layout\" src=\"\">\n                  <img class=\"u-expanded-width u-image lazyload u-image-1\" data-image-width=\"370\" data-image-height=\"220\" data-href=\"https:\/\/shop.ecopatent.com\/de\/entsorgungssysteme\" data-src=\"https:\/\/maskenbarone.de\/shop\/wp-content\/uploads\/2021\/04\/banners-1.jpg\">\n                  <div class=\"u-container-style u-group u-palette-1-base u-group-1\">\n                    <div class=\"u-container-layout u-valign-middle-lg u-valign-middle-md u-valign-middle-sm u-valign-middle-xs u-container-layout-2\">\n                      <h4 class=\"u-text u-text-1\">Entsorgungssysteme<\/h4>\n                    <\/div>\n                  <\/div>\n                <\/div>\n              <\/div>\n              <div class=\"u-align-left u-container-style u-layout-cell u-size-20 u-layout-cell-2\">\n                <div class=\"u-container-layout\" src=\"\">\n                  <img class=\"u-expanded-width u-image lazyload u-image-2\" data-image-width=\"370\" data-image-height=\"220\" data-href=\"https:\/\/shop.ecopatent.com\/de\/verbrauchsmaterial\" data-src=\"https:\/\/maskenbarone.de\/shop\/wp-content\/uploads\/2021\/04\/banners-2.jpg\">\n                  <div class=\"u-container-style u-group u-palette-1-base u-group-2\">\n                    <div class=\"u-container-layout u-valign-middle-lg u-valign-middle-md u-valign-middle-sm u-valign-middle-xs u-container-layout-4\">\n                      <h4 class=\"u-text u-text-2\">Verbrauchsmaterialien<\/h4>\n                    <\/div>\n                  <\/div>\n                <\/div>\n              <\/div>\n              <div class=\"u-align-left u-container-style u-layout-cell u-right-cell u-size-20 u-layout-cell-3\">\n                <div class=\"u-container-layout\" src=\"\">\n                  <img class=\"u-expanded-width u-image lazyload u-image-3\" data-image-width=\"370\" data-image-height=\"220\" data-href=\"https:\/\/shop.ecopatent.com\/de\/verpackungssystem\" data-src=\"https:\/\/maskenbarone.de\/shop\/wp-content\/uploads\/2021\/04\/banners-3.jpg\">\n                  <div class=\"u-container-style u-group u-palette-1-base u-group-3\">\n                    <div class=\"u-container-layout u-valign-middle-lg u-valign-middle-md u-valign-middle-sm u-valign-middle-xs u-container-layout-6\">\n                      <h4 class=\"u-text u-text-3\">Verpackungsmaterialien<\/h4>\n                    <\/div>\n                  <\/div>\n                <\/div>\n              <\/div>\n            <\/div>\n          <\/div>\n        <\/div>\n      <\/div>\n    <\/section>\n    <section class=\"u-clearfix u-section-5\" id=\"carousel_8f2a\">\n      <div class=\"u-clearfix u-sheet u-valign-middle-lg u-valign-middle-md u-sheet-1\">\n        <div class=\"u-palette-1-base u-shape u-shape-rectangle u-shape-1\"><\/div>\n        <img class=\"u-image lazyload u-image-1\" data-image-width=\"1280\" data-image-height=\"853\" data-src=\"https:\/\/maskenbarone.de\/shop\/wp-content\/uploads\/2021\/04\/60d404748a85a01d931ddc6c722d9b980e1792d1092166af1f2f5c86eb3e8d30e90d31d2fb457200a5b977013a186305fceabea6bc73c9bc37a4c5_1280.jpg\">\n        <div class=\"u-align-left u-container-style u-group u-white u-group-1\">\n          <div class=\"u-container-layout u-container-layout-1\">\n            <h2 class=\"u-text u-text-1\">G\u00fcnstiges Lager und fl\u00fcssiger Handel mit \u00fcbersch\u00fcssiger Ware<\/h2>\n            <p class=\"u-text u-text-2\">Sie bringen uns Ihre Ware und zahlen einen deutschlandweit g\u00fcnstigen Preis pro Palette pro Monat. Gleichzeitig k\u00f6nnen Sie uns bequem \u00fcber die Bid\/Ask-B\u00f6rse kommunizieren, ob Sie Ihre Waren ver\u00e4u\u00dfern wollen und zu welchem Preis.Unser Netzwerk an Partnern: Kliniken,Pflegeheime, Behelfseinrichtungen, Bundeswehr, Fachgro\u00dfhandel, Einzelhandel, Apotheken, &nbsp;Sanit\u00e4tsh\u00e4user, Arztpraxen, Labore, Dialysen, Hospize, Blutspendedienste, Industriekunden, Online-H\u00e4ndler wird anschlie\u00dfend Ihre Verkaufsangebote pr\u00fcfen und die Waren zu Ihrem festgelegten Preis \u00fcbernehmen.<br>\n            <\/p>\n          <\/div>\n        <\/div>\n      <\/div>\n    <\/section>\n    <section class=\"u-align-center u-clearfix u-grey-5 u-section-6\" id=\"sec-86b5\">\n      <div class=\"u-clearfix u-sheet u-sheet-1\">\n        <h1 class=\"u-text u-text-default u-text-1\"> PSA Produkte Ihr Spezial Anbieter ab Lager Seifhennersdorf \/ Sachsen zu Bestpreisen !<\/h1>\n        <ul class=\"u-align-left u-text u-text-2\">\n          <li>Masken OP \/ MNS \/ Typ 1\/Typ 2\/ Typ 2R wei\u00df\/blau sowie in verschiedenen Farben auch in echt silber und gold<\/li>\n          <li>KN95 5er Polly <\/li>\n          <li>FFP2 Masken in C Form\/ Fischmaul und Entenschnabel mit und ohne Ventil in verschiedenen Farben, auch silber und gold, St\u00fccklungen auch mehrsprachig <\/li>\n          <li>FFP3 Masken wei\u00df einzeln verpackt in C \/ Fischmaul und Entenschnabel Form<\/li>\n          <li>Air4you Masken, Ventilatoren betrieben mit Austauschfilter.<\/li>\n          <li>Nitril Handschuhe in den Gr\u00f6\u00dfen S\/M\/L <\/li>\n          <li>OP\/Besucher Kittel  Gelb<\/li>\n          <li>Overall wei\u00df<\/li>\n          <li>Profi und Laientests<\/li>\n          <li>1er und Gro\u00dfpackungen, Antigen und Antik\u00f6rpertests<\/li>\n          <li>Antibakterielle Bonbons und Kaugummis mit anhaltender Corona Schutzwirkung<\/li>\n          <li>Fl\u00e4chendesinfektionsmittel 1 L u 5L<\/li>\n          <li>H\u00e4nde Desinfektionsmittel verschiedene Gr\u00f6\u00dfen  sowie <\/li>\n          <li>Spendersysteme<\/li>\n          <li>Feuchtt\u00fccher<\/li>\n          <li>Wischi Fix Wischt\u00fccher \/Toilettenpapier 3-lagig, 4-lagig<\/li>\n          <li>Zellstoff Tupfer 10-lagig, 13-lagig<\/li>\n          <li>Papp Nierenschalen und<\/li>\n          <li>Zellstoff Einweg Pflegegegeschirre und Maceratoren zur Entsorgung <\/li>\n          <li>Feldbetten <\/li>\n          <li>Etagenbetten mit<\/li>\n          <li>Matratzen und hochwertigen Schlafs\u00e4cken f\u00fcr au\u00dfen bis -40 Grad celsius <\/li>\n          <li>Hochwertige Objekt Betten sowie Etagenbetten, Korpusm\u00f6bel<\/li>\n          <li>Milit\u00e4t\u00e4r Thermo Jacken, Schutzumh\u00e4nge, Hemden, Rucks\u00e4cke, Taktik Westen, W\u00e4rmedecken, Schutzwesten, Helme und Zubeh\u00f6r<\/li>\n          <li>Hochwertige Stoff Leichens\u00e4cke <\/li>\n          <li>Sanit\u00e4tssets und Sanit\u00e4tsk\u00e4sten nach DIN 13164 <\/li>\n          <li>Dezentrale Luft und Reinigungssysteme f\u00fcr Toiletten, mittelgro\u00dfe und gro\u00dfe R\u00e4umlichkeiten<\/li>\n        <\/ul>\n      <\/div>\n    <\/section>\n    <section class=\"u-align-center u-clearfix u-section-7\" id=\"sec-68a4\">\n      <div class=\"u-clearfix u-sheet u-valign-middle u-sheet-1\">\n        <h1 class=\"u-text u-text-default u-text-1\"> Bei Interesse Bitte PN: GS \ud83d\ude4b\u200d\u2642\ufe0fBOSK <br>\n          <br>gs@boskgruppe.de<br>\n          <br>WhatsApp 0049 1774055777\n        <\/h1>\n      <\/div>\n    <\/section>\n    \n    \n  \n","protected":false},"excerpt":{"rendered":"<p>Maskenbarone: Die unschlagbare&nbsp;Umschlagb\u00f6rse f\u00fcr&nbsp;hochwertige zertifizierte Masken&nbsp; sowie medizinische Hygiene Einmal-Artikel ZUGANG PORTAL Previous Next LIEFER-UND VERSANDKOSTEN Kostenloser Versand f\u00fcr alle Bestellungen \u00fcber \u20ac 99,00 SICHERES EINKAUFEN 100% Geld-zur\u00fcck-Garantie. INTERNATIONALER VERSAND Wir bieten weltweiten Versand f\u00fcr Sie an. Entsorgungssysteme Verbrauchsmaterialien Verpackungsmaterialien G\u00fcnstiges Lager und fl\u00fcssiger Handel mit \u00fcbersch\u00fcssiger Ware Sie bringen uns Ihre Ware und zahlen &hellip; <a href=\"https:\/\/maskenbarone.de\/shop\/\" class=\"more-link\">Continue reading<span class=\"screen-reader-text\"> &#8222;Startseite&#8220;<\/span><\/a><\/p>\n","protected":false},"author":1,"featured_media":0,"parent":0,"menu_order":1,"comment_status":"closed","ping_status":"closed","template":"","meta":{"footnotes":""},"class_list":["post-33","page","type-page","status-publish","hentry"],"_links":{"self":[{"href":"https:\/\/maskenbarone.de\/shop\/wp-json\/wp\/v2\/pages\/33","targetHints":{"allow":["GET"]}}],"collection":[{"href":"https:\/\/maskenbarone.de\/shop\/wp-json\/wp\/v2\/pages"}],"about":[{"href":"https:\/\/maskenbarone.de\/shop\/wp-json\/wp\/v2\/types\/page"}],"author":[{"embeddable":true,"href":"https:\/\/maskenbarone.de\/shop\/wp-json\/wp\/v2\/users\/1"}],"replies":[{"embeddable":true,"href":"https:\/\/maskenbarone.de\/shop\/wp-json\/wp\/v2\/comments?post=33"}],"version-history":[{"count":9,"href":"https:\/\/maskenbarone.de\/shop\/wp-json\/wp\/v2\/pages\/33\/revisions"}],"predecessor-version":[{"id":359,"href":"https:\/\/maskenbarone.de\/shop\/wp-json\/wp\/v2\/pages\/33\/revisions\/359"}],"wp:attachment":[{"href":"https:\/\/maskenbarone.de\/shop\/wp-json\/wp\/v2\/media?parent=33"}],"curies":[{"name":"wp","href":"https:\/\/api.w.org\/{rel}","templated":true}]}}