{"id":317,"date":"2021-12-14T14:39:46","date_gmt":"2021-12-14T13:39:46","guid":{"rendered":"https:\/\/maskenbarone.de\/shop\/?post_type=product&#038;p=317"},"modified":"2021-12-14T14:43:44","modified_gmt":"2021-12-14T13:43:44","slug":"air4you-air-fresher-mini-fuer-den-anschluss-230v-komplett-betriebsbereit-inkl-externem-netzteil","status":"publish","type":"product","link":"https:\/\/maskenbarone.de\/shop\/produkt\/air4you-air-fresher-mini-fuer-den-anschluss-230v-komplett-betriebsbereit-inkl-externem-netzteil\/","title":{"rendered":"AIR Fresher MINI f\u00fcr den Anschlu\u00df 230V"},"content":{"rendered":"<p><strong> <span class=\"fontstyle0\">Speziell f\u00fcr <\/span><span class=\"fontstyle2\">Toiletten<\/span><\/strong><span class=\"fontstyle0\"><strong>, in denen eine hohe Ansteckungsgefahr besteht!<\/strong><br \/>\n<\/span><span class=\"fontstyle0\">Besucher von Restaurants, Mitarbeiter von B\u00fcros und Fabrikhallen halten Abstand und tragen Maske. Bei der Benutzung der Toilette verbringen sie l\u00e4ngere Zeit in einer <\/span><span class=\"fontstyle2\">Blase von Aerosolen, Viren und schlechten Ger\u00fcchen des Vorbenutzers, <\/span><span class=\"fontstyle0\">meistens ohne Maske. Der <\/span><span class=\"fontstyle2\">Mobile Luftreiniger &#8211; mini &#8211; <\/span><span class=\"fontstyle0\">schaltet sich durch einen Bewegungsmelder automatisch ein. Modernste Technik und hochwertige Materialen garantieren zuverl\u00e4ssige Leistung und eine lange Lebensdauer. Auch f\u00fcr Umkleidekabinen, Taxis, Aufz\u00fcge, etc . <\/span><span class=\"fontstyle2\">Sensationell g\u00fcnstig!\u00a0<\/span><span class=\"fontstyle2\">ab 4 <\/span><span class=\"fontstyle3\">E <\/span><span class=\"fontstyle2\">pro Woche! <\/span><span class=\"fontstyle2\">  MwSt<\/span><\/p>\n<p><strong>Zur Vermeidung von:<\/strong><\/p>\n<ul>\n<li><span class=\"fontstyle0\">Aerosolen<\/span><\/li>\n<li><span class=\"fontstyle0\">Staub, Milben, Pilz- und Schimmelsporen<\/span><\/li>\n<li><span class=\"fontstyle0\">Viren und Bakterien<\/span><\/li>\n<li><span class=\"fontstyle0\">Pollen<\/span><\/li>\n<li><span class=\"fontstyle0\">unangenehme Ger\u00fcchen<\/span><\/li>\n<\/ul>\n<p><strong>Aufbau<\/strong><\/p>\n<ol>\n<li><span class=\"fontstyle0\">Vorfilter<\/span><\/li>\n<li><span class=\"fontstyle0\">Aktivkohleflter I beseitigt unangenehme Ger\u00fcche<\/span><\/li>\n<li><span class=\"fontstyle0\">kupferbeschichtetes Vlies, antiviral,antibakteriell, fungizide Eigenschaften<\/span><\/li>\n<li><span class=\"fontstyle0\">UVC Bestrahlung<\/span><\/li>\n<li><span class=\"fontstyle0\">HEPA14 fltert Aerosole und Viren<\/span><\/li>\n<li><span class=\"fontstyle0\">Ventilator<\/span><\/li>\n<li><span class=\"fontstyle0\">Aktivkohleflter II beseitigt Ger\u00fcche<\/span><\/li>\n<\/ol>\n<p><span class=\"fontstyle0\">Technische Daten:<\/span><\/p>\n<p><span class=\"fontstyle0\">Luftreiniger:<br \/>\nNennspannung 12 V\/DC<br \/>\nLeistungsaufnahme Luftreiniger 6,8 Watt<\/span><\/p>\n<p><span class=\"fontstyle0\">L\u00fcfter:<br \/>\nTyp Axial Vapolager<br \/>\nLuftleistung 183.83 m<\/span><span class=\"fontstyle0\">3<\/span><span class=\"fontstyle0\">\/h<br \/>\nMax. Druck 69,7 Pa<br \/>\n<\/span><\/p>\n<p><span class=\"fontstyle0\">UV-C:<br \/>\nLichtfarbe Ultraviolett<br \/>\nWellenl\u00e4nge 275 nm<br \/>\nStrahlungsleistung Typ 10 mW<br \/>\nLebensdauer 10.000 h<\/span><\/p>\n","protected":false},"excerpt":{"rendered":"<p><span class=\"fontstyle0\">Speziell f\u00fcr <\/span><span class=\"fontstyle2\">Toiletten<\/span><span class=\"fontstyle0\">, in denen eine hohe Ansteckungsgefahr besteht!<\/span><\/p>\n","protected":false},"featured_media":353,"template":"","meta":[],"product_brand":[],"product_cat":[69],"product_tag":[],"class_list":{"0":"post-317","1":"product","2":"type-product","3":"status-publish","4":"has-post-thumbnail","6":"product_cat-luftreiniger","8":"first","9":"instock","10":"taxable","11":"shipping-taxable","12":"purchasable","13":"product-type-simple"},"_links":{"self":[{"href":"https:\/\/maskenbarone.de\/shop\/wp-json\/wp\/v2\/product\/317","targetHints":{"allow":["GET"]}}],"collection":[{"href":"https:\/\/maskenbarone.de\/shop\/wp-json\/wp\/v2\/product"}],"about":[{"href":"https:\/\/maskenbarone.de\/shop\/wp-json\/wp\/v2\/types\/product"}],"wp:featuredmedia":[{"embeddable":true,"href":"https:\/\/maskenbarone.de\/shop\/wp-json\/wp\/v2\/media\/353"}],"wp:attachment":[{"href":"https:\/\/maskenbarone.de\/shop\/wp-json\/wp\/v2\/media?parent=317"}],"wp:term":[{"taxonomy":"product_brand","embeddable":true,"href":"https:\/\/maskenbarone.de\/shop\/wp-json\/wp\/v2\/product_brand?post=317"},{"taxonomy":"product_cat","embeddable":true,"href":"https:\/\/maskenbarone.de\/shop\/wp-json\/wp\/v2\/product_cat?post=317"},{"taxonomy":"product_tag","embeddable":true,"href":"https:\/\/maskenbarone.de\/shop\/wp-json\/wp\/v2\/product_tag?post=317"}],"curies":[{"name":"wp","href":"https:\/\/api.w.org\/{rel}","templated":true}]}}